e
Is 37 a multiple of 13?
False
Does 15 divide 42248?
False
Does 156 divide 10764?
True
Is 736 a multiple of 21?
False
Is 6238 a multiple of 3?
False
Does 139 divide 1462?
False
Is 64 a factor of 8064?
True
Is 19 a factor of 1030?
False
Is 65 a factor of 12337?
False
Does 69 divide 22428?
False
Is 22 a factor of 12298?
True
Is 2 a factor of 1953?
False
Is 169 even?
False
Does 24 divide 1072?
False
Is 1360 a multiple of 4?
True
Is 3 a factor of 78?
True
Is 6 a factor of 1314?
True
Is 256 a factor of 75275?
False
Is 9412 a multiple of 26?
True
Does 36 divide 25308?
True
Is 19 a factor of 19760?
True
Does 49 divide 343?
True
Does 4 divide 68?
True
Is 132 a factor of 26928?
True
Does 56 divide 392?
True
Is 6365 a multiple of 52?
False
Does 35 divide 1918?
False
Is 1383 a multiple of 13?
False
Does 248 divide 73600?
False
Is 20 a factor of 510?
False
Is 192 a factor of 13889?
False
Does 6 divide 654?
True
Is 6 a factor of 17880?
True
Does 275 divide 56106?
False
Does 8 divide 552?
True
Is 56 a factor of 9607?
False
Does 2 divide 1433?
False
Does 4 divide 815?
False
Does 29 divide 580?
True
Is 1421 a multiple of 10?
False
Is 10127 a multiple of 247?
True
Is 20 a factor of 2160?
True
Is 103 a factor of 95069?
True
Is 9706 a multiple of 4?
False
Is 113988 a multiple of 118?
True
Does 34 divide 4352?
True
Does 29 divide 30861?
False
Is 97 a factor of 485?
True
Is 1455 a multiple of 5?
True
Is 7 a factor of 137?
False
Is 76 a factor of 31160?
True
Is 9 a factor of 1626?
False
Does 8 divide 282?
False
Is 5 a factor of 3445?
True
Is 912 a multiple of 57?
True
Is 22 a factor of 3344?
True
Does 30 divide 1739?
False
Does 20 divide 1140?
True
Is 5 a factor of 36771?
False
Is 7 a factor of 210?
True
Is 16380 a multiple of 21?
True
Is 23256 a multiple of 27?
False
Is 104960 a multiple of 82?
True
Is 32 a factor of 2995?
False
Is 94 a multiple of 23?
False
Does 185 divide 41625?
True
Is 68 a factor of 39032?
True
Is 13453 a multiple of 5?
False
Does 37 divide 888?
True
Is 17 a factor of 37761?
False
Does 18 divide 1028?
False
Does 53 divide 2968?
True
Does 12 divide 275?
False
Is 17 a factor of 12988?
True
Is 4083 a multiple of 3?
True
Does 46 divide 47555?
False
Is 286 a multiple of 13?
True
Does 63 divide 10346?
False
Is 47 a factor of 3807?
True
Does 254 divide 40377?
False
Does 22 divide 110?
True
Is 26 a factor of 230?
False
Is 101 a factor of 12019?
True
Is 568 a multiple of 21?
False
Is 17318 a multiple of 12?
False
Is 14431 a multiple of 50?
False
Is 42000 a multiple of 168?
True
Is 105 a factor of 51030?
True
Is 72 a factor of 78776?
False
Is 11508 a multiple of 12?
True
Is 2020 a multiple of 77?
False
Is 1065 a multiple of 71?
True
Is 525 a multiple of 15?
True
Is 1835 a multiple of 27?
False
Is 36 a multiple of 8?
False
Does 4 divide 3903?
False
Is 1422 a multiple of 12?
False
Does 8 divide 1109?
False
Is 970 a multiple of 97?
True
Is 2 a factor of 44?
True
Is 7205 a multiple of 55?
True
Is 204 a multiple of 17?
True
Does 30 divide 3856?
False
Does 15 divide 1650?
True
Is 1720 a multiple of 40?
True
Does 77 divide 1463?
True
Is 59 a multiple of 9?
False
Is 1800 a multiple of 24?
True
Is 2356 a multiple of 62?
True
Is 37 a factor of 8473?
True
Is 5662 a multiple of 38?
True
Is 47 a factor of 4250?
False
Is 808 a multiple of 52?
False
Does 22 divide 660?
True
Does 20 divide 3489?
False
Does 15 divide 1830?
True
Does 20 divide 460?
True
Is 5990 a multiple of 5?
True
Does 13 divide 11467?
False
Is 16 a factor of 1510?
False
Does 20 divide 42580?
True
Is 806 a multiple of 13?
True
Is 140 a multiple of 3?
False
Is 34 a factor of 952?
True
Is 2251 a multiple of 41?
False
Is 580 a multiple of 14?
False
Does 10 divide 204?
False
Does 4 divide 2532?
True
Is 5 a factor of 1339?
False
Is 74 a factor of 5457?
False
Is 9945 a multiple of 51?
True
Does 140 divide 28420?
True
Is 4342 a multiple of 68?
False
Is 5 a factor of 1149?
False
Does 29 divide 16570?
False
Is 120621 a multiple of 93?
True
Is 46803 a multiple of 13?
False
Is 70 a factor of 2032?
False
Does 31 divide 299?
False
Is 19776 a multiple of 95?
False
Is 2398 a multiple of 17?
False
Does 11 divide 13629?
True
Is 9812 a multiple of 8?
False
Is 42 a multiple of 7?
True
Does 53 divide 22841?
False
Is 772 a multiple of 21?
False
Does 75 divide 3075?
True
Does 32 divide 1024?
True
Is 267 a multiple of 55?
False
Does 36 divide 42963?
False
Does 6 divide 3472?
False
Does 19 divide 42310?
False
Is 4 a factor of 6544?
True
Is 24 a factor of 19776?
True
Is 15 a factor of 1193?
False
Is 25 a factor of 13300?
True
Is 152478 a multiple of 43?
True
Is 57 a factor of 17740?
False
Is 6 a factor of 13343?
False
Is 369 a multiple of 38?
False
Is 8 a factor of 8702?
False
Is 290 a multiple of 58?
True
Is 3510 a multiple of 4?
False
Is 1830 a multiple of 8?
False
Is 2911 a multiple of 165?
False
Is 5 a factor of 35?
True
Is 2616 a multiple of 6?
True
Is 156 a factor of 9672?
True
Is 16 a factor of 3139?
False
Is 30 a factor of 5545?
False
Does 14 divide 8546?
False
Does 34 divide 20230?
True
Is 2522 a multiple of 13?
True
Is 14 a factor of 366?
False
Is 324 a multiple of 8?
False
Is 133 a factor of 10108?
True
Does 17 divide 2023?
True
Is 1107 a multiple of 3?
True
Is 38 a factor of 4495?
False
Does 15 divide 15?
True
Is 15739 a multiple of 55?
False
Is 1126 a multiple of 21?
False
Is 86 a factor of 80496?
True
Is 842 a multiple of 7?
False
Does 4 divide 130?
False
Is 855 a multiple of 15?
True
Is 7896 a multiple of 47?
True
Is 13 a factor of 3326?
False
Is 16 a factor of 7136?
True
Is 43 a factor of 86?
True
Is 22 a factor of 2134?
True
Is 612 a multiple of 9?
True
Is 11 a factor of 3289?
True
Is 760 a multiple of 40?
True
Does 4 divide 11?
False
Does 203 divide 25578?
True
Does 43 divide 865?
False
Is 44 a factor of 401?
False
Is 1034 a multiple of 6?
False
Is 19694 a multiple of 6?
False
Is 65 a factor of 25025?
True
Is 18605 a multiple of 42?
False
Is 9 a factor of 2529?
True
Is 39 a multiple of 2?
False
Is 87 a multiple of 29?
True
Does 11 divide 25938?
True
Is 3104 a multiple of 138?
False
Is 360 a multiple of 120?
True
Is 1077 a multiple of 19?
False
Does 15 divide 1965?
True
Is 330 a multiple of 15?
True
Is 37128 a multiple of 28?
True
Is 1174 a multiple of 43?
False
Is 4 a factor of 13760?
True
Is 7853 a multiple of 47?
False
Is 14 a factor of 102746?
True
Does 3 divide 1698?
True
Is 388 a multiple of 38?
False
Does 16 divide 24560?
True
Is 13 a factor of 1898?
True
Is 4577 a multiple of 109?
False
Is 3500 a multiple of 14?
True
Is 49 a factor of 392?
True
Is 156 a factor of 7488?
True
Is 55 a factor of 12320?
True
Is 19 a factor of 95?
True
Does 40 divide 9360?
True
Is 7 a factor of 266?
True
Is 102 a factor of 122?
False
Is 2 a factor of 194?
True
Is 52 a factor of 36868?
True
Is 26 a factor of 23003?
False
Does 21 divide 1323?
True
Is 9 a factor of 465?
False
Does 3 divide 333?
True
Is 106782 a multiple of 74?
True
Does 10 divide 1667?
False
Is 2702 a multiple of 79?
False
Is 44 a factor of 19580?
True
Is 294 a multiple of 6?
True
Is 60 a factor of 55380?
True
Is 24 a factor of 8416?
False
Is 13 a factor of 494?
True
Does 17 divide 130?
False
Does 45 divide 45?
True
Is 50 a factor of 3983?
False
Is 173 a multiple of 12?
False
Does 22 divide 208?
False
Does 9 divide 603?
True
Does 8 divide 11704?
True
Is 241 a multiple of 6?
False
Does 23 divide 2218?
False
Is 310 a multiple of 4?
False
Does 22 divide 2310?
True
Is 15 a factor of 1702?
False
Does 45 divide 1395?
True
Is 1725 a multiple of 23?
True
Is 16506 a multiple of 18?
True
Is 46 a factor of 2951?
False
Is 3 a factor of 8919?
True
Does 22 divide 2360?
False
Is 21 a factor of 7580?
False
Is 5802 a multiple of 38?
False
Is 27558 a multiple of 18?
True
Is 4883 a multiple of 19?
True
Is 1265 a multiple of 3?
False
Is 6 a factor of 2100?
True
Is 13 a factor of 3297?
False
Does 29 divide 659?
False
Is 2478 a multiple of 118?
True
Does 34 divide 3060?
True
Is 239 a factor of 22860?
False
Is 79 a factor of 1106?
True
Is 129 a multiple of 21?
False
Is 900 a multiple of 25?
True
Is 680 a multiple of 85?
True
Is 756 a multiple of 63?
True
Does 32 divide 1507?
False
Is 1204 a multiple of 43?
True
Is 98674 a multiple of 103?
True
Does 53 divide 5086?
False
Is 37 a